 of 396 and 5223174?
66
Calculate the greatest common factor of 20860 and 112.
28
What is the highest common divisor of 435960 and 1080?
360
What is the greatest common divisor of 20 and 5312?
4
What is the highest common factor of 105925 and 950?
475
Calculate the highest common factor of 106134 and 30.
6
What is the highest common factor of 2077 and 536?
67
What is the greatest common divisor of 1092 and 89817?
273
Calculate the highest common divisor of 29680 and 63.
7
Calculate the greatest common divisor of 357013 and 37.
37
Calculate the greatest common divisor of 100571 and 326.
163
What is the greatest common divisor of 163379 and 22167?
821
Calculate the greatest common factor of 8076 and 324.
12
Calculate the highest common factor of 5053 and 744.
31
What is the greatest common divisor of 215084 and 68?
68
What is the highest common factor of 374 and 119174?
22
What is the highest common factor of 64 and 7024?
16
What is the greatest common divisor of 4700 and 170?
10
Calculate the greatest common divisor of 26 and 3606.
2
Calculate the greatest common factor of 12520905 and 285.
285
Calculate the highest common factor of 30 and 8634.
6
Calculate the highest common divisor of 2034 and 31414.
226
What is the highest common divisor of 87 and 1615619?
29
Calculate the greatest common divisor of 81372 and 60.
12
What is the greatest common divisor of 126 and 57022?
14
What is the greatest common factor of 920 and 1955?
115
Calculate the greatest common divisor of 116252 and 4.
4
What is the greatest common factor of 188876 and 92?
92
What is the highest common factor of 6371 and 207?
23
Calculate the greatest common factor of 114610 and 20.
10
What is the greatest common factor of 882 and 780864?
294
Calculate the greatest common factor of 183 and 29890.
61
What is the highest common factor of 182516 and 3708?
412
What is the highest common divisor of 870 and 203145?
435
What is the greatest common divisor of 40 and 3830?
10
What is the greatest common factor of 10109 and 136012?
919
What is the greatest common factor of 207 and 611593?
23
Calculate the highest common divisor of 1 and 9127.
1
What is the highest common divisor of 2158174 and 2?
2
Calculate the highest common divisor of 3056 and 3247.
191
Calculate the highest common divisor of 157 and 17741.
157
Calculate the highest common divisor of 5072 and 202246.
634
Calculate the highest common factor of 80 and 695120.
80
What is the greatest common factor of 20 and 27130?
10
Calculate the highest common factor of 6208 and 1649.
97
Calculate the greatest common divisor of 186 and 106206.
186
What is the greatest common factor of 4160 and 409630?
130
Calculate the highest common divisor of 4900 and 1350.
50
What is the greatest common divisor of 300 and 319575?
75
What is the greatest common divisor of 496693 and 86?
43
Calculate the highest common divisor of 60 and 230820.
60
Calculate the highest common factor of 28056 and 5040.
168
What is the highest common divisor of 2358 and 144?
18
What is the highest common factor of 27 and 32211?
27
What is the greatest common divisor of 189 and 234873?
27
Calculate the highest common divisor of 27587 and 49.
49
Calculate the highest common factor of 63720 and 7257.
177
Calculate the highest common divisor of 282 and 1338.
6
What is the greatest common divisor of 2698 and 16834?
38
Calculate the greatest common divisor of 11564 and 3136.
196
What is the highest common factor of 360 and 15684?
12
Calculate the highest common divisor of 18 and 661698.
18
Calculate the greatest common divisor of 7885 and 2048855.
415
What is the highest common divisor of 986678 and 602?
602
Calculate the highest common factor of 40 and 277980.
20
What is the greatest common factor of 429 and 363?
33
What is the greatest common divisor of 40 and 67160?
40
What is the greatest common divisor of 8692 and 212?
212
Calculate the highest common divisor of 7448 and 32832.
152
What is the highest common divisor of 365 and 757448?
73
Calculate the greatest common divisor of 21 and 84147.
21
Calculate the highest common divisor of 37533 and 12.
3
Calculate the greatest common factor of 15345 and 117.
9
Calculate the highest common divisor of 26076 and 14104.
164
What is the greatest common factor of 2290 and 810?
10
What is the greatest common divisor of 1906 and 2710?
2
What is the highest common divisor of 96 and 1783752?
24
What is the highest common factor of 419785 and 1593?
59
What is the greatest common factor of 6 and 255594?
6
What is the greatest common factor of 5286096 and 432?
144
Calculate the greatest common factor of 60195 and 15.
15
What is the greatest common divisor of 913572 and 276?
12
What is the greatest common divisor of 58 and 999?
1
What is the greatest common factor of 24 and 775032?
24
Calculate the highest common factor of 424787 and 11.
11
What is the highest common factor of 196 and 342902?
98
Calculate the highest common divisor of 13073 and 26915.
769
What is the highest common divisor of 56776 and 12408?
376
Calculate the greatest common factor of 16 and 1256160.
16
Calculate the highest common divisor of 136 and 39960.
8
Calculate the greatest common divisor of 35168 and 24.
8
Calculate the highest common factor of 118044 and 5256.
36
Calculate the greatest common factor of 7521 and 276.
69
What is the greatest common divisor of 192417 and 558?
93
What is the highest common factor of 1376 and 8686?
86
What is the greatest common factor of 21356 and 912?
76
What is the highest common factor of 80 and 106330?
10
Calculate the greatest common divisor of 507 and 1698450.
507
Calculate the greatest common divisor of 45 and 4885.
5
What is the greatest common factor of 742500 and 33?
33
What is the greatest common factor of 42204 and 128?
4
What is the greatest common divisor of 38367 and 7714?
203
What is the highest common divisor of 3712 and 12928?
128
What is the highest common divisor of 15827 and 98770?
119
Calculate the greatest common factor of 444 and 88.
4
What is the greatest common divisor of 14 and 10360?
14
What is the highest common factor of 23595 and 825?
165
What is the greatest common divisor of 51765 and 153?
51
What is the greatest common factor of 26130 and 212055?
1005
What is the highest common factor of 64809 and 1197?
171
What is the highest common factor of 107 and 50397?
107
What is the greatest common factor of 924 and 61116?
132
Calculate the greatest common divisor of 1387 and 21223.
19
What is the greatest common factor of 186 and 384?
6
What is the greatest common divisor of 25606 and 4578?
14
Calculate the highest common divisor of 84 and 6580196.
28
Calculate the highest common divisor of 8954 and 1485550.
814
What is the highest common factor of 21949 and 940?
47
What is the greatest common divisor of 519 and 48613?
173
Calculate the highest common factor of 45431 and 5522.
251
Calculate the highest common divisor of 10813 and 9548.
11
What is the greatest common factor of 201156 and 4?
4
Calculate the greatest common divisor of 2408 and 144.
8
What is the highest common factor of 39504 and 128?
16
Calculate the greatest common factor of 349 and 356329.
349
What is the highest common factor of 14 and 87822?
14
What is the greatest common factor of 1311 and 1083?
57
What is the greatest common divisor of 233330 and 30?
10
Calculate the greatest common factor of 415 and 2219005.
415
Calculate the highest common factor of 156 and 5577.
39
Calculate the highest common factor of 185 and 1040551.
37
What is the greatest common divisor of 90 and 1548?
18
What is the greatest common factor of 36 and 2371131?
9
Calculate the greatest common divisor of 36139 and 54463.
509
Calculate the highest common factor of 2788103 and 89.
89
What is the highest common factor of 6468 and 528?
132
What is the highest common divisor of 505 and 1967783?
101
What is the greatest common factor of 337947 and 381?
381
What is the greatest common divisor of 26322 and 6206?
214
What is the highest common factor of 610 and 290?
10
Calculate the highest common factor of 2 and 190610.
2
Calculate the highest common factor of 1076502 and 5112.
426
What is the greatest common divisor of 153 and 14127?
51
Calculate the highest common divi